{"id":8796,"date":"2025-06-04T20:26:15","date_gmt":"2025-06-04T23:26:15","guid":{"rendered":"https:\/\/azdesigners.com.br\/vicentinos25\/?post_type=product&#038;p=8796"},"modified":"2025-06-04T21:17:33","modified_gmt":"2025-06-05T00:17:33","slug":"lancamento-isolador-pilar-polimerico","status":"publish","type":"product","link":"https:\/\/vicentinos.com.br\/es\/produto\/lancamento-isolador-pilar-polimerico\/","title":{"rendered":"LAN\u00c7AMENTO &#8211; Isolador Pilar Polim\u00e9rico"},"content":{"rendered":"<p><a href=\"https:\/\/vicentinos.com.br\/wp-content\/uploads\/2024\/08\/pilar-2.png\"><img fetchpriority=\"high\" decoding=\"async\" class=\"alignnone wp-image-1537 size-full\" src=\"https:\/\/vicentinos.com.br\/wp-content\/uploads\/2024\/08\/pilar-2.png\" alt=\"\" width=\"253\" height=\"412\" \/><\/a><\/p>\n<p>&nbsp;<\/p>\n<p><a href=\"https:\/\/vicentinos.com.br\/wp-content\/uploads\/2024\/08\/pilar.png\"><img decoding=\"async\" class=\"alignnone wp-image-1538 size-full\" src=\"https:\/\/vicentinos.com.br\/wp-content\/uploads\/2024\/08\/pilar.png\" alt=\"\" width=\"1091\" height=\"206\" srcset=\"https:\/\/vicentinos.com.br\/wp-content\/uploads\/2024\/08\/pilar.png 1091w, https:\/\/vicentinos.com.br\/wp-content\/uploads\/2024\/08\/pilar-600x113.png 600w, https:\/\/vicentinos.com.br\/wp-content\/uploads\/2024\/08\/pilar-300x57.png 300w, https:\/\/vicentinos.com.br\/wp-content\/uploads\/2024\/08\/pilar-1024x193.png 1024w, https:\/\/vicentinos.com.br\/wp-content\/uploads\/2024\/08\/pilar-768x145.png 768w\" sizes=\"(max-width: 1091px) 100vw, 1091px\" \/><\/a><\/p>\n","protected":false},"excerpt":{"rendered":"<p><span class=\"fontstyle0\"><strong>APLICA\u00c7\u00c3O:<\/strong><br \/>\n<\/span><span class=\"fontstyle1\">Utilizado em redes a\u00e9reas de distribui\u00e7\u00e3o de energia el\u00e9trica.<br \/>\nPode ser instalado na horizontal ou vertical.<\/span><\/p>\n<p><strong><span class=\"fontstyle1\"><br \/>\n<\/span><\/strong><span class=\"fontstyle0\"><strong>CARACTER\u00cdSTICAS:<\/strong><br \/>\n<\/span><span class=\"fontstyle1\">Produzido em polietileno de alta densidade na cor cinza.<br \/>\nAlta resist\u00eancia a tra\u00e7\u00e3o, flex\u00e3o e impacto.<br \/>\nResist\u00eancia ao trilhamento el\u00e9trico.<br \/>\nProte\u00e7\u00e3o aos raios UV.<br \/>\nPode ser fixado com anel elastom\u00e9rico ou pr\u00e9formado polim\u00e9rico.<\/span><\/p>\n","protected":false},"featured_media":8831,"template":"","meta":[],"product_brand":[],"product_cat":[49],"product_tag":[48],"class_list":{"0":"post-8796","1":"product","2":"type-product","3":"status-publish","4":"has-post-thumbnail","6":"product_cat-isoladores","7":"product_tag-isolador","9":"first","10":"instock","11":"shipping-taxable","12":"product-type-simple"},"_links":{"self":[{"href":"https:\/\/vicentinos.com.br\/es\/wp-json\/wp\/v2\/product\/8796","targetHints":{"allow":["GET"]}}],"collection":[{"href":"https:\/\/vicentinos.com.br\/es\/wp-json\/wp\/v2\/product"}],"about":[{"href":"https:\/\/vicentinos.com.br\/es\/wp-json\/wp\/v2\/types\/product"}],"wp:featuredmedia":[{"embeddable":true,"href":"https:\/\/vicentinos.com.br\/es\/wp-json\/wp\/v2\/media\/8831"}],"wp:attachment":[{"href":"https:\/\/vicentinos.com.br\/es\/wp-json\/wp\/v2\/media?parent=8796"}],"wp:term":[{"taxonomy":"product_brand","embeddable":true,"href":"https:\/\/vicentinos.com.br\/es\/wp-json\/wp\/v2\/product_brand?post=8796"},{"taxonomy":"product_cat","embeddable":true,"href":"https:\/\/vicentinos.com.br\/es\/wp-json\/wp\/v2\/product_cat?post=8796"},{"taxonomy":"product_tag","embeddable":true,"href":"https:\/\/vicentinos.com.br\/es\/wp-json\/wp\/v2\/product_tag?post=8796"}],"curies":[{"name":"wp","href":"https:\/\/api.w.org\/{rel}","templated":true}]}}

LANÇAMENTO &#8211; Isolador Pilar Polimérico

<p><span class="fontstyle0"><strong>APLICAÇÃO:</strong><br />
</span><span class="fontstyle1">Utilizado em redes aéreas de distribuição de energia elétrica.<br />
Pode ser instalado na horizontal ou vertical.</span></p>
<p><strong><span class="fontstyle1"><br />
</span></strong><span class="fontstyle0"><strong>CARACTERÍSTICAS:</strong><br />
</span><span class="fontstyle1">Produzido em polietileno de alta densidade na cor cinza.<br />
Alta resistência a tração, flexão e impacto.<br />
Resistência ao trilhamento elétrico.<br />
Proteção aos raios UV.<br />
Pode ser fixado com anel elastomérico ou préformado polimérico.</span></p>
