{"id":10086,"date":"2025-06-10T20:36:38","date_gmt":"2025-06-10T23:36:38","guid":{"rendered":"https:\/\/azdesigners.com.br\/vicentinos25\/?post_type=product&#038;p=10086"},"modified":"2025-06-10T20:39:31","modified_gmt":"2025-06-10T23:39:31","slug":"cobertura-protetora-para-terminais-de-equipamentos","status":"publish","type":"product","link":"https:\/\/vicentinos.com.br\/es\/produto\/cobertura-protetora-para-terminais-de-equipamentos\/","title":{"rendered":"Cobertura Protetora para Terminais de Equipamentos"},"content":{"rendered":"<p><a href=\"https:\/\/vicentinos.com.br\/wp-content\/uploads\/2024\/08\/cobertura-terminais-e-trafos2.png\"><img fetchpriority=\"high\" decoding=\"async\" class=\"alignnone wp-image-1678 size-full\" src=\"https:\/\/vicentinos.com.br\/wp-content\/uploads\/2024\/08\/cobertura-terminais-e-trafos2.png\" alt=\"\" width=\"276\" height=\"520\" \/><\/a><\/p>\n<p>&nbsp;<\/p>\n<p><a href=\"https:\/\/vicentinos.com.br\/wp-content\/uploads\/2024\/08\/cobertura-terminais-e-trafos.png\"><img decoding=\"async\" class=\"alignnone wp-image-1679 size-full\" src=\"https:\/\/vicentinos.com.br\/wp-content\/uploads\/2024\/08\/cobertura-terminais-e-trafos.png\" alt=\"\" width=\"701\" height=\"154\" \/><\/a><\/p>\n","protected":false},"excerpt":{"rendered":"<p><span class=\"fontstyle0\"><strong>APLICA\u00c7\u00c3O:<\/strong><br \/>\n<\/span><span class=\"fontstyle1\">Instalada junto as Buchas de Transformadores, em redes de<br \/>\ndistribui\u00e7\u00e3o de energia el\u00e9trica de 15 a 35kV. Tamb\u00e9m permite<br \/>\ninstala\u00e7\u00e3o nos terminais de banco capacitores.<\/span><\/p>\n<p><em><span class=\"fontstyle1\"><br \/>\n<\/span><\/em><span class=\"fontstyle0\"><strong>CARACTER\u00cdSTICAS:<\/strong><br \/>\n<\/span><span class=\"fontstyle1\">Produzido em Polietileno de Alta Densidade, na cor cinza,<br \/>\nresistente aos Raios UV e ao trilhamento El\u00e9trico<\/span><\/p>\n","protected":false},"featured_media":10109,"template":"","meta":[],"product_brand":[],"product_cat":[69],"product_tag":[],"class_list":{"0":"post-10086","1":"product","2":"type-product","3":"status-publish","4":"has-post-thumbnail","6":"product_cat-coberturas","8":"first","9":"instock","10":"shipping-taxable","11":"product-type-simple"},"_links":{"self":[{"href":"https:\/\/vicentinos.com.br\/es\/wp-json\/wp\/v2\/product\/10086","targetHints":{"allow":["GET"]}}],"collection":[{"href":"https:\/\/vicentinos.com.br\/es\/wp-json\/wp\/v2\/product"}],"about":[{"href":"https:\/\/vicentinos.com.br\/es\/wp-json\/wp\/v2\/types\/product"}],"wp:featuredmedia":[{"embeddable":true,"href":"https:\/\/vicentinos.com.br\/es\/wp-json\/wp\/v2\/media\/10109"}],"wp:attachment":[{"href":"https:\/\/vicentinos.com.br\/es\/wp-json\/wp\/v2\/media?parent=10086"}],"wp:term":[{"taxonomy":"product_brand","embeddable":true,"href":"https:\/\/vicentinos.com.br\/es\/wp-json\/wp\/v2\/product_brand?post=10086"},{"taxonomy":"product_cat","embeddable":true,"href":"https:\/\/vicentinos.com.br\/es\/wp-json\/wp\/v2\/product_cat?post=10086"},{"taxonomy":"product_tag","embeddable":true,"href":"https:\/\/vicentinos.com.br\/es\/wp-json\/wp\/v2\/product_tag?post=10086"}],"curies":[{"name":"wp","href":"https:\/\/api.w.org\/{rel}","templated":true}]}}

<p><span class="fontstyle0"><strong>APLICAÇÃO:</strong><br />
</span><span class="fontstyle1">Instalada junto as Buchas de Transformadores, em redes de<br />
distribuição de energia elétrica de 15 a 35kV. Também permite<br />
instalação nos terminais de banco capacitores.</span></p>
<p><em><span class="fontstyle1"><br />
</span></em><span class="fontstyle0"><strong>CARACTERÍSTICAS:</strong><br />
</span><span class="fontstyle1">Produzido em Polietileno de Alta Densidade, na cor cinza,<br />
resistente aos Raios UV e ao trilhamento Elétrico</span></p>
