{"id":10084,"date":"2025-06-10T20:36:37","date_gmt":"2025-06-10T23:36:37","guid":{"rendered":"https:\/\/azdesigners.com.br\/vicentinos25\/?post_type=product&#038;p=10084"},"modified":"2025-06-10T20:38:58","modified_gmt":"2025-06-10T23:38:58","slug":"protetor-de-bucha-movel","status":"publish","type":"product","link":"https:\/\/vicentinos.com.br\/es\/produto\/protetor-de-bucha-movel\/","title":{"rendered":"Protetor de Bucha M\u00f3vel"},"content":{"rendered":"<p><a href=\"https:\/\/vicentinos.com.br\/wp-content\/uploads\/2024\/08\/PROTETORMOVEL.png\"><img fetchpriority=\"high\" decoding=\"async\" class=\"alignnone wp-image-1667 size-full\" src=\"https:\/\/vicentinos.com.br\/wp-content\/uploads\/2024\/08\/PROTETORMOVEL.png\" alt=\"\" width=\"199\" height=\"283\" \/><\/a><\/p>\n<p>&nbsp;<\/p>\n<p><a href=\"https:\/\/vicentinos.com.br\/wp-content\/uploads\/2024\/08\/PROTETORMOVEL2.png\"><img decoding=\"async\" class=\"alignnone wp-image-1668 size-full\" src=\"https:\/\/vicentinos.com.br\/wp-content\/uploads\/2024\/08\/PROTETORMOVEL2.png\" alt=\"\" width=\"947\" height=\"209\" \/><\/a><\/p>\n","protected":false},"excerpt":{"rendered":"<p><span class=\"fontstyle0\"><strong>APLICA\u00c7\u00c3O:<\/strong><br \/>\n<\/span><span class=\"fontstyle1\">Aplicado para proteger as buchas do prim\u00e1rio de transformador de distribui\u00e7\u00e3o e para-raios.<\/span><\/p>\n<p><span class=\"fontstyle1\"><br \/>\n<\/span><span class=\"fontstyle0\"><strong>CARACTER\u00cdSTICAS<\/strong>:<br \/>\n<\/span><span class=\"fontstyle1\">Produzido em polietileno de alta densidade na cor cinza.<br \/>\nPossui prote\u00e7\u00e3o anti UV.<br \/>\nResistente ao trilhamento el\u00e9trico.<br \/>\nFuncional e de f\u00e1cil instala\u00e7\u00e3o.<br \/>\nO protetor m\u00f3vel n\u00e3o necessita de desligamento da rede para sua insta\u00e7\u00e3o.<\/span><\/p>\n","protected":false},"featured_media":10107,"template":"","meta":[],"product_brand":[],"product_cat":[69],"product_tag":[],"class_list":{"0":"post-10084","1":"product","2":"type-product","3":"status-publish","4":"has-post-thumbnail","6":"product_cat-coberturas","8":"first","9":"instock","10":"shipping-taxable","11":"product-type-simple"},"_links":{"self":[{"href":"https:\/\/vicentinos.com.br\/es\/wp-json\/wp\/v2\/product\/10084","targetHints":{"allow":["GET"]}}],"collection":[{"href":"https:\/\/vicentinos.com.br\/es\/wp-json\/wp\/v2\/product"}],"about":[{"href":"https:\/\/vicentinos.com.br\/es\/wp-json\/wp\/v2\/types\/product"}],"wp:featuredmedia":[{"embeddable":true,"href":"https:\/\/vicentinos.com.br\/es\/wp-json\/wp\/v2\/media\/10107"}],"wp:attachment":[{"href":"https:\/\/vicentinos.com.br\/es\/wp-json\/wp\/v2\/media?parent=10084"}],"wp:term":[{"taxonomy":"product_brand","embeddable":true,"href":"https:\/\/vicentinos.com.br\/es\/wp-json\/wp\/v2\/product_brand?post=10084"},{"taxonomy":"product_cat","embeddable":true,"href":"https:\/\/vicentinos.com.br\/es\/wp-json\/wp\/v2\/product_cat?post=10084"},{"taxonomy":"product_tag","embeddable":true,"href":"https:\/\/vicentinos.com.br\/es\/wp-json\/wp\/v2\/product_tag?post=10084"}],"curies":[{"name":"wp","href":"https:\/\/api.w.org\/{rel}","templated":true}]}}

Protetor de Bucha Móvel

<p><span class="fontstyle0"><strong>APLICAÇÃO:</strong><br />
</span><span class="fontstyle1">Aplicado para proteger as buchas do primário de transformador de distribuição e para-raios.</span></p>
<p><span class="fontstyle1"><br />
</span><span class="fontstyle0"><strong>CARACTERÍSTICAS</strong>:<br />
</span><span class="fontstyle1">Produzido em polietileno de alta densidade na cor cinza.<br />
Possui proteção anti UV.<br />
Resistente ao trilhamento elétrico.<br />
Funcional e de fácil instalação.<br />
O protetor móvel não necessita de desligamento da rede para sua instação.</span></p>
