{"id":10083,"date":"2025-06-10T20:36:37","date_gmt":"2025-06-10T23:36:37","guid":{"rendered":"https:\/\/azdesigners.com.br\/vicentinos25\/?post_type=product&#038;p=10083"},"modified":"2025-06-10T20:38:44","modified_gmt":"2025-06-10T23:38:44","slug":"protetor-de-bucha-fixo","status":"publish","type":"product","link":"https:\/\/vicentinos.com.br\/es\/produto\/protetor-de-bucha-fixo\/","title":{"rendered":"Protetor de Bucha Fixo"},"content":{"rendered":"<p><a href=\"https:\/\/vicentinos.com.br\/wp-content\/uploads\/2024\/08\/PROTETOR-DE-BUCHA2.png\"><img fetchpriority=\"high\" decoding=\"async\" class=\"alignnone wp-image-1625 size-full\" src=\"https:\/\/vicentinos.com.br\/wp-content\/uploads\/2024\/08\/PROTETOR-DE-BUCHA2.png\" alt=\"\" width=\"257\" height=\"382\" \/><\/a><\/p>\n<p>&nbsp;<\/p>\n<p><a href=\"https:\/\/vicentinos.com.br\/wp-content\/uploads\/2024\/08\/PROTETOR-DE-BUCHA.png\"><img decoding=\"async\" class=\"alignnone wp-image-1626 size-full\" src=\"https:\/\/vicentinos.com.br\/wp-content\/uploads\/2024\/08\/PROTETOR-DE-BUCHA.png\" alt=\"\" width=\"848\" height=\"163\" \/><\/a><\/p>\n","protected":false},"excerpt":{"rendered":"<p><span class=\"fontstyle0\"><strong>APLICA\u00c7\u00c3O:<\/strong><br \/>\n<\/span><span class=\"fontstyle1\">Aplicado para proteger as buchas do prim\u00e1rio de transformador<br \/>\nde distribui\u00e7\u00e3o e para-raios.<\/span><\/p>\n<p><strong><span class=\"fontstyle1\"><br \/>\n<\/span><\/strong><span class=\"fontstyle0\"><strong>CARACTER\u00cdSTICAS:<\/strong><br \/>\n<\/span><span class=\"fontstyle1\">Produzido em polietileno de alta densidade na cor cinza\/preto.<br \/>\nPossui prote\u00e7\u00e3o anti UV.<br \/>\n\u00c9 resistente ao trilhamento el\u00e9trico.<br \/>\nFuncional e de f\u00e1cil instala\u00e7\u00e3o.<br \/>\nProvido de duas sa\u00eddas para os cabos e dupla sa\u00edda para escoamento da \u00e1gua<\/span><\/p>\n","protected":false},"featured_media":10106,"template":"","meta":[],"product_brand":[],"product_cat":[69],"product_tag":[],"class_list":{"0":"post-10083","1":"product","2":"type-product","3":"status-publish","4":"has-post-thumbnail","6":"product_cat-coberturas","8":"first","9":"instock","10":"shipping-taxable","11":"product-type-simple"},"_links":{"self":[{"href":"https:\/\/vicentinos.com.br\/es\/wp-json\/wp\/v2\/product\/10083","targetHints":{"allow":["GET"]}}],"collection":[{"href":"https:\/\/vicentinos.com.br\/es\/wp-json\/wp\/v2\/product"}],"about":[{"href":"https:\/\/vicentinos.com.br\/es\/wp-json\/wp\/v2\/types\/product"}],"wp:featuredmedia":[{"embeddable":true,"href":"https:\/\/vicentinos.com.br\/es\/wp-json\/wp\/v2\/media\/10106"}],"wp:attachment":[{"href":"https:\/\/vicentinos.com.br\/es\/wp-json\/wp\/v2\/media?parent=10083"}],"wp:term":[{"taxonomy":"product_brand","embeddable":true,"href":"https:\/\/vicentinos.com.br\/es\/wp-json\/wp\/v2\/product_brand?post=10083"},{"taxonomy":"product_cat","embeddable":true,"href":"https:\/\/vicentinos.com.br\/es\/wp-json\/wp\/v2\/product_cat?post=10083"},{"taxonomy":"product_tag","embeddable":true,"href":"https:\/\/vicentinos.com.br\/es\/wp-json\/wp\/v2\/product_tag?post=10083"}],"curies":[{"name":"wp","href":"https:\/\/api.w.org\/{rel}","templated":true}]}}

<p><span class="fontstyle0"><strong>APLICAÇÃO:</strong><br />
</span><span class="fontstyle1">Aplicado para proteger as buchas do primário de transformador<br />
de distribuição e para-raios.</span></p>
<p><strong><span class="fontstyle1"><br />
</span></strong><span class="fontstyle0"><strong>CARACTERÍSTICAS:</strong><br />
</span><span class="fontstyle1">Produzido em polietileno de alta densidade na cor cinza/preto.<br />
Possui proteção anti UV.<br />
É resistente ao trilhamento elétrico.<br />
Funcional e de fácil instalação.<br />
Provido de duas saídas para os cabos e dupla saída para escoamento da água</span></p>
